 4?
-156da
In base 6, what is -4425443 + -4?
-4425451
In base 8, what is -4414 - 411?
-5025
In base 8, what is 2 - 217337?
-217335
In base 8, what is -54 + -10704?
-10760
In base 7, what is -10 - 241316?
-241326
In base 14, what is -25b + 130?
-12b
In base 5, what is 3241220 - 3?
3241212
In base 8, what is 260 - 61?
177
In base 13, what is -17094 - 4?
-17098
In base 13, what is 9b95c - 1?
9b95b
In base 15, what is 235 + 532?
767
In base 15, what is -3 + 7176?
7173
In base 10, what is -4 - -276209?
276205
In base 16, what is -c8d3 - 5?
-c8d8
In base 11, what is 17 - -7404?
7420
In base 11, what is 0 - 145946?
-145946
In base 3, what is -2102102 - 22?
-2102201
In base 6, what is -10 + -154?
-204
In base 13, what is 150229 + 2?
15022b
In base 2, what is -1100 - 101100110?
-101110010
In base 11, what is -1 + 6769a6?
6769a5
In base 4, what is 32203 - -200201?
233010
In base 4, what is -1100 + -13110?
-20210
In base 5, what is -1404 - -30242?
23333
In base 4, what is 113203030 + 2?
113203032
In base 8, what is -4 - -166425?
166421
In base 2, what is -10111110110010100 + 110?
-10111110110001110
In base 4, what is -1023130 - -213?
-1022311
In base 10, what is 55104 + 14?
55118
In base 3, what is 211 + -21021112?
-21020201
In base 12, what is 3144 + -37?
3109
In base 3, what is -2 - -211110?
211101
In base 6, what is -2 - 2055002?
-2055004
In base 5, what is 122232 + 4?
122241
In base 11, what is -22074 + -1?
-22075
In base 7, what is 126 + -304651?
-304522
In base 7, what is -2003555 - -2?
-2003553
In base 9, what is -2404 + 4?
-2400
In base 8, what is 252 + -3?
247
In base 11, what is -5 + -303687?
-303691
In base 5, what is 33441 + -4432?
24004
In base 2, what is -100 - 10010101110?
-10010110010
In base 4, what is -21210113 - -232?
-21203221
In base 15, what is 3 - 75?
-72
In base 2, what is -10100111011111100 - -101?
-10100111011110111
In base 14, what is -1631 + c?
-1623
In base 7, what is 111 + -54044?
-53633
In base 2, what is -110101111101 + 1111?
-110101101110
In base 2, what is 101 - 1110101100010?
-1110101011101
In base 15, what is -19802 + 2?
-19800
In base 4, what is 1102 + 32331020?
32332122
In base 14, what is -8 - 19c8?
-19d2
In base 5, what is -414 - -2033?
1114
In base 11, what is 4595 - -4?
4599
In base 4, what is 30112230 + 101?
30112331
In base 8, what is -5 + -1216561?
-1216566
In base 7, what is -4 + 120551?
120544
In base 11, what is 8337 + -295?
8052
In base 16, what is -3 - -1dc?
1d9
In base 3, what is -2102 + -1020010?
-1022112
In base 16, what is 5 + -7abc?
-7ab7
In base 2, what is 1 - 101111100011110101?
-101111100011110100
In base 14, what is -5 - 181131?
-181136
In base 3, what is -221111 + 20010212?
12012101
In base 4, what is -30 + -2023310?
-2030000
In base 6, what is -322 - 41014?
-41340
In base 4, what is 232321 + -212?
232103
In base 11, what is 2 + 121919?
121920
In base 3, what is 1020020111 - -112?
1020021000
In base 13, what is 33 + 275?
2a8
In base 3, what is 1120 + 2122022?
2200212
In base 8, what is 5 + 25424?
25431
In base 15, what is 17 + 3441?
3458
In base 16, what is -8 - -1dc64?
1dc5c
In base 11, what is 1788 + 221?
19a9
In base 2, what is 11001001110 - 1100110?
10111101000
In base 15, what is -3 + -608?
-60b
In base 10, what is 420202 - 0?
420202
In base 14, what is -5 + 37dc?
37d7
In base 13, what is -4 + 16439c?
164398
In base 7, what is -125250 + -3?
-125253
In base 13, what is 366 + 10?
376
In base 15, what is 154 + -1c3?
-6e
In base 15, what is 44 + 21e2?
2236
In base 7, what is 116 + -156130?
-156011
In base 12, what is 792 + 252?
a24
In base 3, what is 202220002012 - 2?
202220002010
In base 16, what is -84 + -8a6?
-92a
In base 2, what is 110100000 - -1001000100?
1111100100
In base 13, what is -2 + -b13a1?
-b13a3
In base 7, what is -30 + -236?
-266
In base 11, what is 291 - -15?
2a6
In base 9, what is -80487 - -3?
-80484
In base 2, what is -111011001110 + -110?
-111011010100
In base 9, what is 1088 + 7?
1106
In base 15, what is 6 + -15b1?
-15aa
In base 12, what is -b2a84 - -3?
-b2a81
In base 11, what is 22 - 42a0?
-4279
In base 11, what is -135 + -341?
-476
In base 2, what is -10000 - -11011111001101?
11011110111101
In base 14, what is 3 + -341b?
-3418
In base 15, what is -25 + b7e?
b59
In base 11, what is 114a - 65?
1095
In base 8, what is -372 + -12765?
-13357
In base 6, what is 0 - 43304?
-43304
In base 13, what is 15a + a30?
b8a
In base 15, what is 41 + -ed0?
-e8e
In base 11, what is 368 - -17a?
537
In base 14, what is -3d5b + 4?
-3d57
In base 7, what is 64041 - 4?
64034
In base 3, what is 202000010 - -100?
202000110
In base 11, what is 2 - -84?
86
In base 5, what is 111 - 1241?
-1130
In base 8, what is -10036 - 17?
-10055
In base 9, what is -118701 + -5?
-118706
In base 8, what is -73643 - -141?
-73502
In base 14, what is -4514 + -11?
-4525
In base 12, what is 137 - -272?
3a9
In base 8, what is -3 - -40623?
40620
In base 8, what is -440 - 631?
-1271
In base 13, what is 202 + -1c44?
-1a42
In base 2, what is 1101011111000110 - 101?
1101011111000001
In base 4, what is 3 - -3011133212?
3011133221
In base 3, what is -121100211 + -1?
-121100212
In base 2, what is 100111101111011 - 111000?
100111101000011
In base 14, what is 976 + 10?
986
In base 12, what is -47 + 517?
490
In base 8, what is 727 - 200?
527
In base 7, what is -414 + -402?
-1116
In base 6, what is 43 + -103321?
-103234
In base 8, what is 75537 + -2?
75535
In base 4, what is -10032103003 + -3?
-10032103012
In base 10, what is 19 - 40221?
-40202
In base 9, what is -37 - -208640?
208602
In base 4, what is 3002031301 + -3?
3002031232
In base 4, what is -21 - 1222302?
-1222323
In base 10, what is 68 - 1555?
-1487
In base 15, what is 15 - -338?
34d
In base 10, what is -352 + 2231?
1879
In base 10, what is 598 - 38?
560
In base 12, what is a24a + -3?
a247
In base 11, what is 45a47 + -20?
45a27
In base 9, what is -1175 - -3?
-1172
In base 16, what is -9c154 - 5?
-9c159
In base 11, what is -136 - -18?
-119
In base 6, what is -1 + -4000135?
-4000140
In base 3, what is 220 + -2121222101?
-2121221111
In base 11, what is -1 + 230975?
230974
In base 7, what is -6 - 14466?
-14505
In base 8, what is -2170 + 56?
-2112
In base 12, what is 78 - -56a?
626
In base 12, what is 68 + -584?
-518
In base 11, what is -61 + 1050?
a9a
In base 11, what is -1020 + -5a?
-107a
In base 14, what is -4 - 1d2a5?
-1d2a9
In base 3, what is -22110010 + -21?
-22110101
In base 16, what is 63 - -94?
f7
In base 8, what is -14615 - 120?
-14735
In base 5, what is -102430 - 10?
-102440
In base 14, what is 20 - -1286?
12a6
In base 6, what is 123020 - -14?
123034
In base 7, what is 163603 + -6?
163564
In base 10, what is -3 - 2460?
-2463
In base 12, what is ab410 - 0?
ab410
In base 7, what is -45022 + 15?
-45004
In base 2, what is 10101110 - 101011110?
-10110000
In base 12, what is 274 + -4?
270
In base 8, what is -157 - -4073?
3714
In base 2, what is 11111 - 11110111110?
-11110011111
In base 15, what is -3 - 4299?
-429c
In base 15, what is 6 - -73a57?
73a5d
In base 9, what is 2 + -2442204?
-2442202
In base 6, what is -1 - 14352?
-14353
In base 10, what is -9919 + -10?
-9929
In base 16, what is -56ee2 - -1?
-56ee1
In base 15, what is -1314a + 3?
-13147
In base 11, what is -6a - 25876?
-25935
In base 12, what is 2 - a8a8?
-a8a6
In base 6, what is 1103443 + 15?
1103502
In base 11, what is 1a9a86 - 0?
1a9a86
In base 11, what is 3a5 + -20?
385
In base 15, what is 196b8 - -5?
196bd
In base 4, what is -31333 + -100?
-32033
In base 4, what is 3 - 31333?
-31330
In base 9, what is 8010 + -6?
8003
In base 5, what is 102002 - -24?
102031
In base 13, what is 5 + 4632?
4637
In base 15, what is 20153 + 0?
20153
In base 11, what is -1a + -20475?
-20494
In base 13, what is 2 + 5c54?
5c56
In base 12, what is -a040 - 3?
-a043
In base 11, what is -4 + 167646?
167642
In base 14, what is a8 - c041?
-bd77
In base 12, what is 4 - 484a?
-4846
In base 8, what is -4 + 532554?
532550
In base 4, what is -11030031 + 3?
-11030022
In base 10, what is -5 - -528710?
528705
In base 3, what is -1112002100 + 2?
-1112002021
In base 8, what is 576 - 105?
471
In base 4, what is 3 - -302103020?
302103023
In base 16, what is -4 - -1aac?
1aa8
In base 12, what is -1a25859 + -3?
-1a25860
In base 11, what is 4045880 + -1?